rime factors of (-52221)/(-16) + (-567)/(-3024).
2, 3, 17
Let n(o) = -2503*o - 969. List the prime factors of n(-4).
9043
Suppose 0 = -21*v + 42 - 63. List the prime factors of (-4 - (2 + v))*1698/(-6).
5, 283
Let x(d) = -2*d**3 + d + 2. Let o(y) = 6*y**3 - 5*y**2 - 4*y - 14. Let c(t) = o(t) - 4*x(t). List the prime factors of c(5).
3, 521
Suppose -3*o - 2*r - 4 = -5*o, 0 = -4*o - 2*r + 26. Suppose 0 = o*s - 4*l - 606, -2*s + l + 224 = 4*l. List the prime factors of s + 4/(-4)*1.
3, 13
Let t(d) = -23*d**3 - 2*d**2 - 3*d + 3. What are the prime factors of t(-2)?
5, 37
Let k = -2 + 10. Suppose -5*g = -25, 0 = -i + 5*g + 257 + 18. Suppose -k*c + i = -372. What are the prime factors of c?
2, 3, 7
Let o(i) = -16*i - 5. Suppose 0 = 3*w + 117. Let q = -41 - w. What are the prime factors of o(q)?
3
Let u(g) = 4*g**2 - 46*g + 72. What are the prime factors of u(43)?
2, 3, 5, 61
Suppose -650 = 10*o - 15*o. Suppose -4*k = -1818 + o. What are the prime factors of k?
2, 211
Let x(k) = 7*k**3 - k**2 - 10*k + 11. Let u = -375 + 378. List the prime factors of x(u).
7, 23
Let c be (-3 + 14)/(1/32). Suppose 0 = -2*y + 12 + c. Let p = -105 + y. What are the prime factors of p?
7, 11
Let y(b) = 5*b**2 + 26*b - 70. Let r be y(-24). Suppose 0 = 2*z + s - r + 524, 0 = -z - 4*s + 838. List the prime factors of z.
2, 5, 83
Suppose -97 - 173 = 27*i. What are the prime factors of ((-141)/9)/(i/270)?
3, 47
Suppose -7*q + 5*o + 13543 = -6*q, 0 = 2*q - 2*o - 27054. What are the prime factors of q?
13523
Let x = 592 + -580. Suppose -d = -x*d + 12177. List the prime factors of d.
3, 41
Suppose 2005974 = 17*c + 26*c + 220399. List the prime factors of c.
5, 11, 151
Let f(q) = 4*q**3 - 101*q**2 - 28*q - 295. What are the prime factors of f(27)?
2, 1013
Let o = 39 + -93. Let g be (-2)/(20/o)*15. Let f = g + 15. List the prime factors of f.
2, 3
Suppose 502 = -2*k + 6*k + 2*u, u - 377 = -3*k. Suppose -5*q - k = 14. Let c = -18 - q. What are the prime factors of c?
2, 5
Let m = -224 + 228. List the prime factors of (m/(-7))/((-6)/399).
2, 19
Let y = -13 + 16. Suppose -y*c + 89 = 5. List the prime factors of c.
2, 7
Let o(h) = h**3 - 18*h**2 - 21*h + 46. Let x be o(19). Let q(r) be the first derivative of 35*r**2/2 - 6*r - 4. List the prime factors of q(x).
2, 137
Let y(o) = 11*o**2 - o + 546. List the prime factors of y(-25).
2, 3, 17, 73
Suppose 0 = -3*g - 5*v + 11773, -5*g + 6*v - 4*v + 19601 = 0. Suppose -10*o + 2269 = -g. What are the prime factors of o?
619
Let o = -13628 + 20977. List the prime factors of o.
7349
Suppose -36 = -v - 2*v. Suppose 4*u + v = 0, -5*u + 0*u - 10 = f. Suppose 4*d - 323 = -f*p, -p = -4*p - d + 191. List the prime factors of p.
3, 7
What are the prime factors of (1740/(-609))/((-6)/27237)?
2, 5, 1297
Suppose a = 2*j + 2*a - 22, 4*a = -5*j + 52. Suppose -g + 0 + j = 0. Suppose 180 = g*l - 9*l. List the prime factors of l.
2, 3, 5
Suppose -13*b + 15 = -8*b. Suppose -2*c = b*m - 9, -5*c - 2*m + m = -3. Suppose 6 = 3*x + 3*h, c*h + h + 19 = 2*x. List the prime factors of x.
7
Suppose 6*i = 8*i + 2*h + 2, 2*i - 2 = -h. Suppose -2*u + 2*b = -102, 57 = i*u + 5*b - 64. List the prime factors of u.
47
Let p be -3 + -107 + (-4)/(-4). Let f = p - -111. Suppose -3*u = f*z - 853, -4*u - 3*z + 1366 = 230. What are the prime factors of u?
7, 41
Let v(j) = 31*j + 46. Let r be v(10). Let z = r - -467. List the prime factors of z.
823
Let c be (-43)/(-2) - (-6)/(-12). Let k(t) = c*t - 11 - 12*t - 4. List the prime factors of k(15).
2, 3, 5
Suppose 44*r + 5*t = 49*r - 42150, -r - t + 8434 = 0. List the prime factors of r.
2, 17, 31
Let u(b) = 44*b + 57. Let r be u(7). Suppose 62 = z + 3*h, 0 = -5*z + 10*z + 4*h - r. What are the prime factors of z?
7, 11
Let q(k) = -k**3 - 3*k**2. Let h be q(-3). Let u = 2 + 2. Suppose u*r - 367 - 353 = h. List the prime factors of r.
2, 3, 5
Suppose 5*g + 344 = 369, -3*a = 2*g - 35206. What are the prime factors of a?
2, 7, 419
Let h = 7277 + 3042. What are the prime factors of h?
17, 607
Suppose 2*f = 5*h + 22548 - 3048, 0 = -3*f - 5*h + 29225. List the prime factors of f.
5, 1949
Suppose -3*y - 4*p + 24 = y, -4*p = -y - 14. Suppose -6*c + o + 84 = -5*c, -168 = -y*c + 3*o. List the prime factors of c.
2, 3, 7
Let n(l) = 281*l**2 - 20*l - 60. What are the prime factors of n(-3)?
3, 281
Let s = 7 + 8. Let j = -729 + 732. Suppose 4*x = j*x + s. What are the prime factors of x?
3, 5
Let p(r) = -4*r**2 - 12*r - 5. Let i be p(-5). Let b = -40 - i. Suppose -k = b, h + 5*k = 4*h - 421. List the prime factors of h.
2, 3, 11
Let k = -461 - -1057. Suppose -5*w + k = -439. What are the prime factors of w?
3, 23
Suppose s + 5*s - 72 = 0. Let l be (-84)/196 + (-986)/(-14). Suppose -l = -s*i - 2*i. What are the prime factors of i?
5
Let c = 31 - 146. Let l = 160 + c. What are the prime factors of (-1)/((-5)/(-6))*(-3750)/l?
2, 5
Let s = -222 - -219. What are the prime factors of (56/s)/((-1737)/(-351) - 5)?
2, 7, 13
Suppose 0 = -37*y + 150448 - 31641. List the prime factors of y.
13, 19
Suppose -4*k = 5*j - 0*k + 505, -5*j + 5*k = 460. Let m = 444 + -285. Let a = m + j. What are the prime factors of a?
2, 31
Let h = 3663 + -2690. What are the prime factors of h?
7, 139
Suppose 886 = 3*a + 307. Suppose -a = -t - 5*z, -240 = -3*t + 3*z + 267. What are the prime factors of t?
173
Let w(f) = -13*f**3 - 2*f**2 + 2*f + 2. Let o = 420 + -422. List the prime factors of w(o).
2, 47
Suppose 17*o = -4*o + 134673. List the prime factors of o.
11, 53
Let u(d) = 16*d**2 - d + 5. Let o(h) = -17*h**2 + h - 4. Let n(c) = -4*o(c) - 5*u(c). Let z be n(4). Let s = -139 - z. List the prime factors of s.
2, 29
Let a(p) = 87*p + 100. Suppose 0 = -15*g - 26*g + 205. What are the prime factors of a(g)?
5, 107
Let r(s) = 25*s**3 - 6*s**2 + 11*s - 8. Suppose 94 + 58 = 38*b. What are the prime factors of r(b)?
2, 5, 7, 11
Suppose 94*g - 318372 = 2*g + 6*g. List the prime factors of g.
2, 3, 617
Let k(z) = 63*z**2 + 23*z + 80. List the prime factors of k(11).
2, 3, 13, 17
What are the prime factors of (-160)/(-12)*738/(-24)*-1?
2, 5, 41
List the prime factors of ((-8)/2)/((-19205)/(-915) + -21).
2, 3, 61
Suppose 4923 = -3*i - 3*y, -786 - 875 = i - 4*y. List the prime factors of 2*(2/9 - i/90).
37
Suppose -447846 = -12*q + 3*u, 6*q = 5*q + 3*u + 37304. What are the prime factors of q?
2, 18661
Let x(v) = -4*v**3 - 2*v**2 + 1. Let i be x(-1). Suppose 2*s + 9 = 5*y, 5*y + i*s - 24 = -0. What are the prime factors of 6 - 2*y/(-2)*1?
3
Let q = -1088 - -2635. Let f = -15 - -30. Suppose 8*v = f*v - q. What are the prime factors of v?
13, 17
Let n(g) = -91*g - 18. Let b be n(-4). Suppose -4*t + 8 = 0, 2*m - b = -0*m - 3*t. What are the prime factors of m?
2, 5, 17
Let m(d) = -1 + 53*d**3 + 10*d - 3 + 16*d**2 - 10*d**2 - 13*d**2. What are the prime factors of m(2)?
2, 103
List the prime factors of -2 - -10365 - ((12 - 10) + -5).
2, 71, 73
Suppose 0 = k + 28 - 43. Suppose 4*x - k = 1. Suppose x*o - 3*a = -5*a + 48, 0 = -2*o + 2*a + 36. List the prime factors of o.
2, 7
Let j = -67 + 27. Let f be 709/(-5) + (-32)/j. Let l = f - -234. List the prime factors of l.
3, 31
What are the prime factors of (6/4)/(-17 - 3735631/(-219742))?
3, 23, 281
Suppose -7*l - 12045 = -58516 - 56982. List the prime factors of l.
14779
Suppose 3*b = 7*b - 8. Let a be 0/(b - (1 - 1)). Suppose a = 4*j - 92 - 560. What are the prime factors of j?
163
Suppose -4*j + 58847 = 2*o - 42391, -5*o - 2*j + 253039 = 0. List the prime factors of o.
5, 29, 349
Let y(p) = 25*p**3 - p**2 - 5*p - 2. Let g = -220 - -223. List the prime factors of y(g).
11, 59
Let j(w) = -w**2 - 43*w + 138. What are the prime factors of j(-40)?
2, 3, 43
Let w(n) = -44*n - 34. Suppose 3*z - 4*a = -16, -63 = -5*z + 9*z + 3*a. What are the prime factors of w(z)?
2, 13, 19
Suppose 0 = -4*b + 41 - 1005. Suppose 0 = -28*j - 3534 + 14930. Let z = b + j. What are the prime factors of z?
2, 83
Suppose h = 4*y + 7218, -17*h + 2*y = -14*h - 21634. What are the prime factors of h?
2, 5, 7, 103
List the prime factors of ((-4928154)/(-54))/11 - 8/(-18).
8297
Let f(g) = -8*g**2 - 4*g + 5. Let z be f(4). Let u(r) = 16*r + 389. Let j be u(-30). Let y = j - z. What are the prime factors of y?
2, 3
Let f(j) = j**2 + 27*j - 55. What are the prime factors of f